[INFO] fetching crate safe_authenticator 0.18.0...
[INFO] checking safe_authenticator-0.18.0 against master#af3c6e733a40e671550e0f0f5aeecaa13772ba56 for pr-74989
[INFO] extracting crate safe_authenticator 0.18.0 into /workspace/builds/worker-0/source
[INFO] validating manifest of crates.io crate safe_authenticator 0.18.0 on toolchain af3c6e733a40e671550e0f0f5aeecaa13772ba56
[INFO] running `Command { std: "/workspace/cargo-home/bin/cargo" "+af3c6e733a40e671550e0f0f5aeecaa13772ba56" "read-manifest" "--manifest-path" "Cargo.toml", kill_on_drop: false }`
[INFO] started tweaking crates.io crate safe_authenticator 0.18.0
[INFO] finished tweaking crates.io crate safe_authenticator 0.18.0
[INFO] tweaked toml for crates.io crate safe_authenticator 0.18.0 written to /workspace/builds/worker-0/source/Cargo.toml
[INFO] running `Command { std: "/workspace/cargo-home/bin/cargo" "+af3c6e733a40e671550e0f0f5aeecaa13772ba56" "generate-lockfile" "--manifest-path" "Cargo.toml" "-Zno-index-update", kill_on_drop: false }`
[INFO] running `Command { std: "/workspace/cargo-home/bin/cargo" "+af3c6e733a40e671550e0f0f5aeecaa13772ba56" "fetch" "--locked" "--manifest-path" "Cargo.toml", kill_on_drop: false }`
[INFO] running `Command { std: "docker" "create" "-v" "/var/lib/crater-agent-workspace/builds/worker-0/target:/opt/rustwide/target:rw,Z" "-v" "/var/lib/crater-agent-workspace/builds/worker-0/source:/opt/rustwide/workdir:ro,Z" "-v" "/var/lib/crater-agent-workspace/cargo-home:/opt/rustwide/cargo-home:ro,Z" "-v" "/var/lib/crater-agent-workspace/rustup-home:/opt/rustwide/rustup-home:ro,Z" "-e" "SOURCE_DIR=/opt/rustwide/workdir" "-e" "CARGO_TARGET_DIR=/opt/rustwide/target" "-e" "CARGO_HOME=/opt/rustwide/cargo-home" "-e" "RUSTUP_HOME=/opt/rustwide/rustup-home" "-w" "/opt/rustwide/workdir" "-m" "1610612736" "--user" "0:0" "--network" "none" "rustops/crates-build-env@sha256:d92eaeed33fa75130ca1ee6c8a01d1ffb62bac859dfdfb3450e3e5d1c0146529" "/opt/rustwide/cargo-home/bin/cargo" "+af3c6e733a40e671550e0f0f5aeecaa13772ba56" "metadata" "--no-deps" "--format-version=1", kill_on_drop: false }`
[INFO] [stderr] WARNING: Your kernel does not support swap limit capabilities or the cgroup is not mounted. Memory limited without swap.
[INFO] [stdout] a80bf8dc72038759c83e3afaee20b624871eeb9ff0d8c5f96ff7b2c0ec202bbc
[INFO] running `Command { std: "docker" "start" "-a" "a80bf8dc72038759c83e3afaee20b624871eeb9ff0d8c5f96ff7b2c0ec202bbc", kill_on_drop: false }`
[INFO] running `Command { std: "docker" "inspect" "a80bf8dc72038759c83e3afaee20b624871eeb9ff0d8c5f96ff7b2c0ec202bbc", kill_on_drop: false }`
[INFO] running `Command { std: "docker" "rm" "-f" "a80bf8dc72038759c83e3afaee20b624871eeb9ff0d8c5f96ff7b2c0ec202bbc", kill_on_drop: false }`
[INFO] [stdout] a80bf8dc72038759c83e3afaee20b624871eeb9ff0d8c5f96ff7b2c0ec202bbc
[INFO] running `Command { std: "docker" "create" "-v" "/var/lib/crater-agent-workspace/builds/worker-0/target:/opt/rustwide/target:rw,Z" "-v" "/var/lib/crater-agent-workspace/builds/worker-0/source:/opt/rustwide/workdir:ro,Z" "-v" "/var/lib/crater-agent-workspace/cargo-home:/opt/rustwide/cargo-home:ro,Z" "-v" "/var/lib/crater-agent-workspace/rustup-home:/opt/rustwide/rustup-home:ro,Z" "-e" "SOURCE_DIR=/opt/rustwide/workdir" "-e" "CARGO_TARGET_DIR=/opt/rustwide/target" "-e" "CARGO_INCREMENTAL=0" "-e" "RUST_BACKTRACE=full" "-e" "RUSTFLAGS=--cap-lints=forbid" "-e" "CARGO_HOME=/opt/rustwide/cargo-home" "-e" "RUSTUP_HOME=/opt/rustwide/rustup-home" "-w" "/opt/rustwide/workdir" "-m" "1610612736" "--user" "0:0" "--network" "none" "rustops/crates-build-env@sha256:d92eaeed33fa75130ca1ee6c8a01d1ffb62bac859dfdfb3450e3e5d1c0146529" "/opt/rustwide/cargo-home/bin/cargo" "+af3c6e733a40e671550e0f0f5aeecaa13772ba56" "check" "--frozen" "--all" "--all-targets" "--message-format=json", kill_on_drop: false }`
[INFO] [stdout] 249b3cfa6981a11a8f03093042944196e3c3943343d75bcf13e2baa7360a4633
[INFO] [stderr] WARNING: Your kernel does not support swap limit capabilities or the cgroup is not mounted. Memory limited without swap.
[INFO] running `Command { std: "docker" "start" "-a" "249b3cfa6981a11a8f03093042944196e3c3943343d75bcf13e2baa7360a4633", kill_on_drop: false }`
[INFO] [stderr]     Checking cfg-if v0.1.10
[INFO] [stderr]    Compiling serde v1.0.116
[INFO] [stderr]    Compiling byteorder v1.3.4
[INFO] [stderr]     Checking lazy_static v1.4.0
[INFO] [stderr]    Compiling log v0.4.11
[INFO] [stderr]     Checking slab v0.4.2
[INFO] [stderr]     Checking byte-tools v0.3.1
[INFO] [stderr]     Checking spin v0.5.2
[INFO] [stderr]     Checking opaque-debug v0.2.3
[INFO] [stderr]     Checking rustc-demangle v0.1.16
[INFO] [stderr]    Compiling crunchy v0.2.2
[INFO] [stderr]     Checking futures-io v0.3.5
[INFO] [stderr]     Checking subtle v1.0.0
[INFO] [stderr]    Compiling bitflags v1.2.1
[INFO] [stderr]    Compiling syn v0.15.44
[INFO] [stderr]    Compiling tiny-keccak v2.0.2
[INFO] [stderr]     Checking subtle v2.3.0
[INFO] [stderr]     Checking matches v0.1.8
[INFO] [stderr]    Compiling data-encoding v2.3.0
[INFO] [stderr]     Checking unwrap v1.2.1
[INFO] [stderr]    Compiling crc32fast v1.2.0
[INFO] [stderr]     Checking alloc-no-stdlib v2.0.1
[INFO] [stderr]    Compiling maybe-uninit v2.0.0
[INFO] [stderr]    Compiling autocfg v0.1.7
[INFO] [stderr]     Checking traitobject v0.1.0
[INFO] [stderr]     Checking opaque-debug v0.3.0
[INFO] [stderr]     Checking cpuid-bool v0.1.2
[INFO] [stderr]     Checking signature v1.2.2
[INFO] [stderr]     Checking quick-error v1.2.3
[INFO] [stderr]     Checking ucd-util v0.1.8
[INFO] [stderr]    Compiling regex v0.2.11
[INFO] [stderr]     Checking ansi_term v0.11.0
[INFO] [stderr]    Compiling httparse v1.3.4
[INFO] [stderr]     Checking radium v0.3.0
[INFO] [stderr]     Checking strsim v0.8.0
[INFO] [stderr]     Checking base-x v0.2.6
[INFO] [stderr]     Checking lazycell v1.3.0
[INFO] [stderr]     Checking percent-encoding v2.1.0
[INFO] [stderr]     Checking hex_fmt v0.3.0
[INFO] [stderr]     Checking keccak v0.1.0
[INFO] [stderr]     Checking utf8-ranges v1.0.4
[INFO] [stderr]     Checking fake-simd v0.1.2
[INFO] [stderr]     Checking arc-swap v0.3.11
[INFO] [stderr]     Checking antidote v1.0.0
[INFO] [stderr]     Checking zeroize v0.5.2
[INFO] [stderr]     Checking log-mdc v0.1.0
[INFO] [stderr]    Compiling generic-array v0.14.4
[INFO] [stderr]    Compiling num-bigint v0.2.6
[INFO] [stderr]    Compiling ring v0.16.15
[INFO] [stderr]     Checking futures-channel v0.3.5
[INFO] [stderr]     Checking block-padding v0.1.5
[INFO] [stderr]     Checking thread_local v1.0.1
[INFO] [stderr]     Checking tracing-core v0.1.16
[INFO] [stderr]     Checking thread_local v0.3.6
[INFO] [stderr]     Checking unicode-bidi v0.3.4
[INFO] [stderr]     Checking alloc-stdlib v0.2.1
[INFO] [stderr]     Checking unsafe-any v0.4.2
[INFO] [stderr]     Checking humantime v1.3.0
[INFO] [stderr]     Checking regex-syntax v0.5.6
[INFO] [stderr]     Checking bitvec v0.17.4
[INFO] [stderr]     Checking typemap v0.3.3
[INFO] [stderr]     Checking brotli-decompressor v2.3.1
[INFO] [stderr]     Checking getrandom v0.1.15
[INFO] [stderr]     Checking net2 v0.2.35
[INFO] [stderr]     Checking backtrace v0.3.50
[INFO] [stderr]     Checking dirs-sys v0.3.5
[INFO] [stderr]     Checking directories v1.0.2
[INFO] [stderr]     Checking memmap v0.7.0
[INFO] [stderr]     Checking thread-id v3.3.0
[INFO] [stderr]     Checking fs2 v0.4.3
[INFO] [stderr]     Checking generic-array v0.12.3
[INFO] [stderr]    Compiling num-traits v0.2.12
[INFO] [stderr]     Checking crossbeam-utils v0.7.2
[INFO] [stderr]     Checking aho-corasick v0.6.10
[INFO] [stderr]    Compiling hashbrown v0.6.3
[INFO] [stderr]     Checking tiny-keccak v1.5.0
[INFO] [stderr]     Checking clap v2.33.3
[INFO] [stderr]     Checking idna v0.2.0
[INFO] [stderr]     Checking directories v2.0.2
[INFO] [stderr]     Checking ordered-float v1.1.0
[INFO] [stderr]     Checking rand_core v0.5.1
[INFO] [stderr]     Checking regex v1.3.9
[INFO] [stderr]     Checking flate2 v1.0.17
[INFO] [stderr]    Compiling pin-project-internal v0.4.23
[INFO] [stderr]    Compiling rustversion v1.0.3
[INFO] [stderr]    Compiling futures-macro v0.3.5
[INFO] [stderr]    Compiling tokio-macros v0.2.5
[INFO] [stderr]    Compiling derive_more v0.99.10
[INFO] [stderr]    Compiling async-trait v0.1.40
[INFO] [stderr]    Compiling proc-macro-error v1.0.4
[INFO] [stderr]     Checking block-cipher-trait v0.6.2
[INFO] [stderr]     Checking digest v0.8.1
[INFO] [stderr]     Checking crypto-mac v0.7.0
[INFO] [stderr]     Checking dbl v0.2.1
[INFO] [stderr]     Checking stream-cipher v0.3.2
[INFO] [stderr]     Checking crossbeam-channel v0.4.4
[INFO] [stderr]     Checking block-buffer v0.7.3
[INFO] [stderr]     Checking base64 v0.10.1
[INFO] [stderr]     Checking base64 v0.9.3
[INFO] [stderr]     Checking bytes v0.4.12
[INFO] [stderr]    Compiling zeroize_derive v1.0.0
[INFO] [stderr]     Checking rand_chacha v0.2.2
[INFO] [stderr]     Checking rand_xorshift v0.2.0
[INFO] [stderr]     Checking digest v0.9.0
[INFO] [stderr]     Checking block-buffer v0.9.0
[INFO] [stderr]    Compiling num-integer v0.1.43
[INFO] [stderr]     Checking url v2.1.1
[INFO] [stderr]     Checking tracing v0.1.19
[INFO] [stderr]     Checking brotli v3.3.0
[INFO] [stderr]     Checking aes-soft v0.3.3
[INFO] [stderr]     Checking block-modes v0.3.3
[INFO] [stderr]    Compiling data-encoding-macro-internal v0.1.8
[INFO] [stderr]     Checking pbkdf2 v0.3.0
[INFO] [stderr]     Checking hmac v0.7.1
[INFO] [stderr]     Checking ahash v0.2.18
[INFO] [stderr]     Checking ctr v0.3.2
[INFO] [stderr]     Checking pmac v0.2.0
[INFO] [stderr]     Checking cmac v0.2.0
[INFO] [stderr]     Checking sha-1 v0.8.2
[INFO] [stderr]     Checking sha3 v0.8.2
[INFO] [stderr]     Checking failure v0.1.8
[INFO] [stderr]    Compiling err-derive v0.2.4
[INFO] [stderr]     Checking rand v0.7.3
[INFO] [stderr]     Checking sha2 v0.9.1
[INFO] [stderr]     Checking aes v0.3.2
[INFO] [stderr]     Checking pem v0.6.1
[INFO] [stderr]     Checking miscreant v0.4.2
[INFO] [stderr]     Checking zeroize v1.1.0
[INFO] [stderr]     Checking curve25519-dalek v3.0.0
[INFO] [stderr]     Checking lru v0.5.3
[INFO] [stderr]     Checking data-encoding-macro v0.1.8
[INFO] [stderr]     Checking multibase v0.8.0
[INFO] [stderr]     Checking sct v0.6.0
[INFO] [stderr]     Checking webpki v0.21.3
[INFO] [stderr]     Checking pin-project v0.4.23
[INFO] [stderr]     Checking futures-util v0.3.5
[INFO] [stderr]    Compiling ff_derive v0.6.0
[INFO] [stderr]    Compiling structopt-derive v0.2.18
[INFO] [stderr]     Checking structopt v0.2.18
[INFO] [stderr]     Checking bytes v0.5.6
[INFO] [stderr]     Checking chrono v0.4.15
[INFO] [stderr]     Checking bincode v1.3.1
[INFO] [stderr]     Checking ed25519 v1.0.2
[INFO] [stderr]     Checking serde_json v1.0.57
[INFO] [stderr]     Checking serde-value v0.5.3
[INFO] [stderr]     Checking toml v0.5.6
[INFO] [stderr]     Checking serde_yaml v0.8.13
[INFO] [stderr]     Checking ff v0.6.0
[INFO] [stderr]     Checking ed25519-dalek v1.0.0
[INFO] [stderr]     Checking group v0.6.0
[INFO] [stderr]     Checking mio v0.6.22
[INFO] [stderr]     Checking rustls v0.17.0
[INFO] [stderr]     Checking env_logger v0.7.1
[INFO] [stderr]     Checking xor_name v1.1.0
[INFO] [stderr]     Checking env_logger v0.6.2
[INFO] [stderr]     Checking ffi_utils v0.17.0
[INFO] [stderr]     Checking quickcheck v0.9.2
[INFO] [stderr]     Checking pairing v0.16.0
[INFO] [stderr]     Checking tokio v0.2.22
[INFO] [stderr]     Checking mio-extras v2.0.6
[INFO] [stderr]     Checking yasna v0.3.2
[INFO] [stderr]     Checking log4rs v0.8.3
[INFO] [stderr]     Checking crdts v4.2.0
[INFO] [stderr]     Checking ws v0.9.1
[INFO] [stderr]     Checking threshold_crypto v0.4.0
[INFO] [stderr]     Checking rcgen v0.7.0
[INFO] [stderr]     Checking futures-executor v0.3.5
[INFO] [stderr]     Checking futures v0.3.5
[INFO] [stderr]     Checking quinn-proto v0.6.1
[INFO] [stderr]     Checking safe-nd v0.11.6
[INFO] [stderr]     Checking self_encryption v0.19.0
[INFO] [stderr]     Checking quinn v0.6.1
[INFO] [stderr]     Checking quic-p2p v0.7.0
[INFO] [stderr]     Checking safe_core v0.43.0
[INFO] [stdout] error[E0432]: unresolved import `safe_nd::MDataKind`
[INFO] [stdout]   --> /opt/rustwide/cargo-home/registry/src/github.com-1ecc6299db9ec823/safe_core-0.43.0/src/client/account.rs:20:29
[INFO] [stdout]    |
[INFO] [stdout] 20 | use safe_nd::{ClientFullId, MDataKind, PublicKey};
[INFO] [stdout]    |                             ^^^^^^^^^
[INFO] [stdout]    |                             |
[INFO] [stdout]    |                             no `MDataKind` in the root
[INFO] [stdout]    |                             help: a similar name exists in the module: `MapKind`
[INFO] [stdout] 
[INFO] [stdout] 
[INFO] [stdout] error[E0432]: unresolved imports `safe_nd::MDataAddress`, `safe_nd::MDataKind`, `safe_nd::MDataSeqEntries`, `safe_nd::MDataSeqEntryAction`, `safe_nd::MDataSeqValue`
[INFO] [stdout]   --> /opt/rustwide/cargo-home/registry/src/github.com-1ecc6299db9ec823/safe_core-0.43.0/src/client/mdata_info.rs:20:15
[INFO] [stdout]    |
[INFO] [stdout] 20 | use safe_nd::{MDataAddress, MDataKind, MDataSeqEntries, MDataSeqEntryAction, MDataSeqValue};
[INFO] [stdout]    |               ^^^^^^^^^^^^  ^^^^^^^^^  ^^^^^^^^^^^^^^^  ^^^^^^^^^^^^^^^^^^^  ^^^^^^^^^^^^^ no `MDataSeqValue` in the root
[INFO] [stdout]    |               |             |          |                |
[INFO] [stdout]    |               |             |          |                no `MDataSeqEntryAction` in the root
[INFO] [stdout]    |               |             |          no `MDataSeqEntries` in the root
[INFO] [stdout]    |               |             no `MDataKind` in the root
[INFO] [stdout]    |               no `MDataAddress` in the root
[INFO] [stdout]    |
[INFO] [stdout] help: a similar name exists in the module
[INFO] [stdout]    |
[INFO] [stdout] 20 | use safe_nd::{MapAddress, MDataKind, MDataSeqEntries, MDataSeqEntryAction, MDataSeqValue};
[INFO] [stdout]    |               ^^^^^^^^^^
[INFO] [stdout] help: a similar name exists in the module
[INFO] [stdout]    |
[INFO] [stdout] 20 | use safe_nd::{MDataAddress, MapKind, MDataSeqEntries, MDataSeqEntryAction, MDataSeqValue};
[INFO] [stdout]    |                             ^^^^^^^
[INFO] [stdout] help: a similar name exists in the module
[INFO] [stdout]    |
[INFO] [stdout] 20 | use safe_nd::{MDataAddress, MDataKind, MapSeqEntries, MDataSeqEntryAction, MDataSeqValue};
[INFO] [stdout]    |                                        ^^^^^^^^^^^^^
[INFO] [stdout] help: a similar name exists in the module
[INFO] [stdout]    |
[INFO] [stdout] 20 | use safe_nd::{MDataAddress, MDataKind, MDataSeqEntries, MapSeqEntryAction, MDataSeqValue};
[INFO] [stdout]    |                                                         ^^^^^^^^^^^^^^^^^
[INFO] [stdout] help: a similar name exists in the module
[INFO] [stdout]    |
[INFO] [stdout] 20 | use safe_nd::{MDataAddress, MDataKind, MDataSeqEntries, MDataSeqEntryAction, MapSeqValue};
[INFO] [stdout]    |                                                                              ^^^^^^^^^^^
[INFO] [stdout] 
[INFO] [stdout] 
[INFO] [stdout] error[E0432]: unresolved imports `safe_nd::MDataAction`, `safe_nd::MDataAddress`, `safe_nd::MDataPermissionSet`, `safe_nd::MDataSeqEntries`, `safe_nd::MDataSeqEntryAction`, `safe_nd::MDataSeqEntryActions`, `safe_nd::MDataSeqValue`, `safe_nd::SeqMutableData`
[INFO] [stdout]   --> /opt/rustwide/cargo-home/registry/src/github.com-1ecc6299db9ec823/safe_core-0.43.0/src/client/recoverable_apis.rs:13:52
[INFO] [stdout]    |
[INFO] [stdout] 13 |     AppPermissions, EntryError, Error as SndError, MDataAction, MDataAddress, MDataPermissionSet,
[INFO] [stdout]    |                                                    ^^^^^^^^^^^  ^^^^^^^^^^^^  ^^^^^^^^^^^^^^^^^^ no `MDataPermissionSet` in the root
[INFO] [stdout]    |                                                    |            |
[INFO] [stdout]    |                                                    |            no `MDataAddress` in the root
[INFO] [stdout]    |                                                    no `MDataAction` in the root
[INFO] [stdout] 14 |     MDataSeqEntries, MDataSeqEntryAction, MDataSeqEntryActions, MDataSeqValue, PublicKey,
[INFO] [stdout]    |     ^^^^^^^^^^^^^^^  ^^^^^^^^^^^^^^^^^^^  ^^^^^^^^^^^^^^^^^^^^  ^^^^^^^^^^^^^ no `MDataSeqValue` in the root
[INFO] [stdout]    |     |                |                    |
[INFO] [stdout]    |     |                |                    no `MDataSeqEntryActions` in the root
[INFO] [stdout]    |     |                no `MDataSeqEntryAction` in the root
[INFO] [stdout]    |     no `MDataSeqEntries` in the root
[INFO] [stdout] 15 |     SeqMutableData,
[INFO] [stdout]    |     ^^^^^^^^^^^^^^ no `SeqMutableData` in the root
[INFO] [stdout]    |
[INFO] [stdout] help: a similar name exists in the module
[INFO] [stdout]    |
[INFO] [stdout] 13 |     AppPermissions, EntryError, Error as SndError, MapAction, MDataAddress, MDataPermissionSet,
[INFO] [stdout]    |                                                    ^^^^^^^^^
[INFO] [stdout] help: a similar name exists in the module
[INFO] [stdout]    |
[INFO] [stdout] 13 |     AppPermissions, EntryError, Error as SndError, MDataAction, MapAddress, MDataPermissionSet,
[INFO] [stdout]    |                                                                 ^^^^^^^^^^
[INFO] [stdout] help: a similar name exists in the module
[INFO] [stdout]    |
[INFO] [stdout] 13 |     AppPermissions, EntryError, Error as SndError, MDataAction, MDataAddress, MapPermissionSet,
[INFO] [stdout]    |                                                                               ^^^^^^^^^^^^^^^^
[INFO] [stdout] help: a similar name exists in the module
[INFO] [stdout]    |
[INFO] [stdout] 14 |     MapSeqEntries, MDataSeqEntryAction, MDataSeqEntryActions, MDataSeqValue, PublicKey,
[INFO] [stdout]    |     ^^^^^^^^^^^^^
[INFO] [stdout] help: a similar name exists in the module
[INFO] [stdout]    |
[INFO] [stdout] 14 |     MDataSeqEntries, MapSeqEntryAction, MDataSeqEntryActions, MDataSeqValue, PublicKey,
[INFO] [stdout]    |                      ^^^^^^^^^^^^^^^^^
[INFO] [stdout] help: a similar name exists in the module
[INFO] [stdout]    |
[INFO] [stdout] 14 |     MDataSeqEntries, MDataSeqEntryAction, MapSeqEntryActions, MDataSeqValue, PublicKey,
[INFO] [stdout]    |                                           ^^^^^^^^^^^^^^^^^^
[INFO] [stdout] help: a similar name exists in the module
[INFO] [stdout]    |
[INFO] [stdout] 14 |     MDataSeqEntries, MDataSeqEntryAction, MDataSeqEntryActions, MapSeqValue, PublicKey,
[INFO] [stdout]    |                                                                 ^^^^^^^^^^^
[INFO] [stdout] 
[INFO] [stdout] 
[INFO] [stdout] error[E0432]: unresolved import `safe_nd::AppFullId`
[INFO] [stdout]  --> /opt/rustwide/cargo-home/registry/src/github.com-1ecc6299db9ec823/safe_core-0.43.0/src/client/id.rs:9:15
[INFO] [stdout]   |
[INFO] [stdout] 9 | use safe_nd::{AppFullId, ClientFullId, PublicId, PublicKey, Signature};
[INFO] [stdout]   |               ^^^^^^^^^ no `AppFullId` in the root
[INFO] [stdout] 
[INFO] [stdout] 
[INFO] [stdout] error[E0432]: unresolved imports `safe_nd::ClientRequest`, `safe_nd::Coins`, `safe_nd::CoinsRequest`, `safe_nd::IData`, `safe_nd::IDataAddress`, `safe_nd::IDataRequest`, `safe_nd::LoginPacket`, `safe_nd::LoginPacketRequest`, `safe_nd::MData`, `safe_nd::MDataAddress`, `safe_nd::MDataEntries`, `safe_nd::MDataEntryActions`, `safe_nd::MDataPermissionSet`, `safe_nd::MDataRequest`, `safe_nd::MDataSeqEntries`, `safe_nd::MDataSeqEntryActions`, `safe_nd::MDataSeqValue`, `safe_nd::MDataUnseqEntryActions`, `safe_nd::MDataValue`, `safe_nd::MDataValues`, `safe_nd::Request`, `safe_nd::RequestType`, `safe_nd::Response`, `safe_nd::SData`, `safe_nd::SDataAction`, `safe_nd::SDataAddress`, `safe_nd::SDataEntries`, `safe_nd::SDataEntry`, `safe_nd::SDataIndex`, `safe_nd::SDataOwner`, `safe_nd::SDataPrivPermissions`, `safe_nd::SDataPrivUserPermissions`, `safe_nd::SDataPubPermissions`, `safe_nd::SDataPubUserPermissions`, `safe_nd::SDataRequest`, `safe_nd::SDataUser`, `safe_nd::SDataUserPermissions`, `safe_nd::SeqMutableData`, `safe_nd::Transaction`, `safe_nd::UnseqMutableData`
[INFO] [stdout]   --> /opt/rustwide/cargo-home/registry/src/github.com-1ecc6299db9ec823/safe_core-0.43.0/src/client/mod.rs:47:35
[INFO] [stdout]    |
[INFO] [stdout] 47 |     AppPermissions, ClientFullId, ClientRequest, Coins, CoinsRequest, IData, IDataAddress,
[INFO] [stdout]    |                                   ^^^^^^^^^^^^^  ^^^^^  ^^^^^^^^^^^^  ^^^^^  ^^^^^^^^^^^^ no `IDataAddress` in the root
[INFO] [stdout]    |                                   |              |      |             |
[INFO] [stdout]    |                                   |              |      |             no `IData` in the root
[INFO] [stdout]    |                                   |              |      no `CoinsRequest` in the root
[INFO] [stdout]    |                                   |              no `Coins` in the root
[INFO] [stdout]    |                                   no `ClientRequest` in the root
[INFO] [stdout] 48 |     IDataRequest, LoginPacket, LoginPacketRequest, MData, MDataAddress, MDataEntries,
[INFO] [stdout]    |     ^^^^^^^^^^^^  ^^^^^^^^^^^  ^^^^^^^^^^^^^^^^^^  ^^^^^  ^^^^^^^^^^^^  ^^^^^^^^^^^^
[INFO] [stdout]    |     |             |            |                   |      |
[INFO] [stdout]    |     |             |            |                   |      no `MDataAddress` in the root
[INFO] [stdout]    |     |             |            |                   no `MData` in the root
[INFO] [stdout]    |     |             |            no `LoginPacketRequest` in the root
[INFO] [stdout]    |     |             no `LoginPacket` in the root
[INFO] [stdout]    |     no `IDataRequest` in the root
[INFO] [stdout] 49 |     MDataEntryActions, MDataPermissionSet, MDataRequest, MDataSeqEntries, MDataSeqEntryActions,
[INFO] [stdout]    |     ^^^^^^^^^^^^^^^^^  ^^^^^^^^^^^^^^^^^^  ^^^^^^^^^^^^  ^^^^^^^^^^^^^^^  ^^^^^^^^^^^^^^^^^^^^
[INFO] [stdout] 50 |     MDataSeqValue, MDataUnseqEntryActions, MDataValue, MDataValues, Message, MessageId, PublicId,
[INFO] [stdout]    |     ^^^^^^^^^^^^^  ^^^^^^^^^^^^^^^^^^^^^^  ^^^^^^^^^^  ^^^^^^^^^^^
[INFO] [stdout] 51 |     PublicKey, Request, RequestType, Response, SData, SDataAction, SDataAddress, SDataEntries,
[INFO] [stdout]    |                ^^^^^^^  ^^^^^^^^^^^  ^^^^^^^^  ^^^^^  ^^^^^^^^^^^  ^^^^^^^^^^^^  ^^^^^^^^^^^^
[INFO] [stdout] 52 |     SDataEntry, SDataIndex, SDataOwner, SDataPrivPermissions, SDataPrivUserPermissions,
[INFO] [stdout]    |     ^^^^^^^^^^  ^^^^^^^^^^  ^^^^^^^^^^  ^^^^^^^^^^^^^^^^^^^^  ^^^^^^^^^^^^^^^^^^^^^^^^
[INFO] [stdout] 53 |     SDataPubPermissions, SDataPubUserPermissions, SDataRequest, SDataUser, SDataUserPermissions,
[INFO] [stdout]    |     ^^^^^^^^^^^^^^^^^^^  ^^^^^^^^^^^^^^^^^^^^^^^  ^^^^^^^^^^^^  ^^^^^^^^^  ^^^^^^^^^^^^^^^^^^^^
[INFO] [stdout] 54 |     SeqMutableData, Transaction, UnseqMutableData,
[INFO] [stdout]    |     ^^^^^^^^^^^^^^  ^^^^^^^^^^^  ^^^^^^^^^^^^^^^^
[INFO] [stdout]    |
[INFO] [stdout] help: a similar name exists in the module
[INFO] [stdout]    |
[INFO] [stdout] 47 |     AppPermissions, ClientFullId, ClientRequest, Coins, CoinsRequest, Data, IDataAddress,
[INFO] [stdout]    |                                                                       ^^^^
[INFO] [stdout] help: a similar name exists in the module
[INFO] [stdout]    |
[INFO] [stdout] 47 |     AppPermissions, ClientFullId, ClientRequest, Coins, CoinsRequest, IData, MapAddress,
[INFO] [stdout]    |                                                                              ^^^^^^^^^^
[INFO] [stdout] help: a similar name exists in the module
[INFO] [stdout]    |
[INFO] [stdout] 48 |     IDataRequest, LoginPacket, LoginPacketRequest, Data, MDataAddress, MDataEntries,
[INFO] [stdout]    |                                                    ^^^^
[INFO] [stdout] help: a similar name exists in the module
[INFO] [stdout]    |
[INFO] [stdout] 48 |     IDataRequest, LoginPacket, LoginPacketRequest, MData, MapAddress, MDataEntries,
[INFO] [stdout]    |                                                           ^^^^^^^^^^
[INFO] [stdout] 
[INFO] [stdout] 
[INFO] [stdout] error[E0432]: unresolved imports `safe_nd::AppFullId`, `safe_nd::MDataAddress`, `safe_nd::MDataPermissionSet`, `safe_nd::MDataSeqValue`
[INFO] [stdout]   --> /opt/rustwide/cargo-home/registry/src/github.com-1ecc6299db9ec823/safe_core-0.43.0/src/core_structs.rs:27:5
[INFO] [stdout]    |
[INFO] [stdout] 27 |     AppFullId, ClientPublicId, MDataAddress, MDataPermissionSet, MDataSeqValue, PublicKey,
[INFO] [stdout]    |     ^^^^^^^^^                  ^^^^^^^^^^^^  ^^^^^^^^^^^^^^^^^^  ^^^^^^^^^^^^^ no `MDataSeqValue` in the root
[INFO] [stdout]    |     |                          |             |
[INFO] [stdout]    |     |                          |             no `MDataPermissionSet` in the root
[INFO] [stdout]    |     |                          no `MDataAddress` in the root
[INFO] [stdout]    |     no `AppFullId` in the root
[INFO] [stdout]    |
[INFO] [stdout] help: a similar name exists in the module
[INFO] [stdout]    |
[INFO] [stdout] 27 |     AppFullId, ClientPublicId, MapAddress, MDataPermissionSet, MDataSeqValue, PublicKey,
[INFO] [stdout]    |                                ^^^^^^^^^^
[INFO] [stdout] help: a similar name exists in the module
[INFO] [stdout]    |
[INFO] [stdout] 27 |     AppFullId, ClientPublicId, MDataAddress, MapPermissionSet, MDataSeqValue, PublicKey,
[INFO] [stdout]    |                                              ^^^^^^^^^^^^^^^^
[INFO] [stdout] help: a similar name exists in the module
[INFO] [stdout]    |
[INFO] [stdout] 27 |     AppFullId, ClientPublicId, MDataAddress, MDataPermissionSet, MapSeqValue, PublicKey,
[INFO] [stdout]    |                                                                  ^^^^^^^^^^^
[INFO] [stdout] 
[INFO] [stdout] 
[INFO] [stdout] error[E0432]: unresolved import `safe_nd::MDataPermissionSet`
[INFO] [stdout]   --> /opt/rustwide/cargo-home/registry/src/github.com-1ecc6299db9ec823/safe_core-0.43.0/src/ffi/ipc/req.rs:13:5
[INFO] [stdout]    |
[INFO] [stdout] 13 | use safe_nd::MDataPermissionSet;
[INFO] [stdout]    |     ^^^^^^^^^------------------
[INFO] [stdout]    |     |        |
[INFO] [stdout]    |     |        help: a similar name exists in the module: `MapPermissionSet`
[INFO] [stdout]    |     no `MDataPermissionSet` in the root
[INFO] [stdout] 
[INFO] [stdout] 
[INFO] [stdout] error[E0432]: unresolved import `safe_nd::MDataKind`
[INFO] [stdout]   --> /opt/rustwide/cargo-home/registry/src/github.com-1ecc6299db9ec823/safe_core-0.43.0/src/ffi/mod.rs:20:5
[INFO] [stdout]    |
[INFO] [stdout] 20 | use safe_nd::MDataKind as NativeMDataKind;
[INFO] [stdout]    |     ^^^^^^^^^---------^^^^^^^^^^^^^^^^^^^
[INFO] [stdout]    |     |        |
[INFO] [stdout]    |     |        help: a similar name exists in the module: `MapKind`
[INFO] [stdout]    |     no `MDataKind` in the root
[INFO] [stdout] 
[INFO] [stdout] 
[INFO] [stdout] error[E0432]: unresolved imports `safe_nd::IData`, `safe_nd::IDataAddress`, `safe_nd::PubImmutableData`, `safe_nd::UnpubImmutableData`
[INFO] [stdout]   --> /opt/rustwide/cargo-home/registry/src/github.com-1ecc6299db9ec823/safe_core-0.43.0/src/immutable_data.rs:21:15
[INFO] [stdout]    |
[INFO] [stdout] 21 | use safe_nd::{IData, IDataAddress, PubImmutableData, UnpubImmutableData};
[INFO] [stdout]    |               ^^^^^  ^^^^^^^^^^^^  ^^^^^^^^^^^^^^^^  ^^^^^^^^^^^^^^^^^^ no `UnpubImmutableData` in the root
[INFO] [stdout]    |               |      |             |
[INFO] [stdout]    |               |      |             no `PubImmutableData` in the root
[INFO] [stdout]    |               |      no `IDataAddress` in the root
[INFO] [stdout]    |               no `IData` in the root
[INFO] [stdout]    |
[INFO] [stdout] help: a similar name exists in the module
[INFO] [stdout]    |
[INFO] [stdout] 21 | use safe_nd::{Data, IDataAddress, PubImmutableData, UnpubImmutableData};
[INFO] [stdout]    |               ^^^^
[INFO] [stdout] help: a similar name exists in the module
[INFO] [stdout]    |
[INFO] [stdout] 21 | use safe_nd::{IData, MapAddress, PubImmutableData, UnpubImmutableData};
[INFO] [stdout]    |                      ^^^^^^^^^^
[INFO] [stdout] 
[INFO] [stdout] 
[INFO] [stdout] error[E0432]: unresolved import `safe_nd::MDataPermissionSet`
[INFO] [stdout]   --> /opt/rustwide/cargo-home/registry/src/github.com-1ecc6299db9ec823/safe_core-0.43.0/src/ipc/req/share_mdata.rs:13:5
[INFO] [stdout]    |
[INFO] [stdout] 13 | use safe_nd::MDataPermissionSet;
[INFO] [stdout]    |     ^^^^^^^^^------------------
[INFO] [stdout]    |     |        |
[INFO] [stdout]    |     |        help: a similar name exists in the module: `MapPermissionSet`
[INFO] [stdout]    |     no `MDataPermissionSet` in the root
[INFO] [stdout] 
[INFO] [stdout] 
[INFO] [stdout] error[E0432]: unresolved imports `safe_nd::MDataAction`, `safe_nd::MDataPermissionSet`
[INFO] [stdout]   --> /opt/rustwide/cargo-home/registry/src/github.com-1ecc6299db9ec823/safe_core-0.43.0/src/ipc/req/mod.rs:25:15
[INFO] [stdout]    |
[INFO] [stdout] 25 | use safe_nd::{MDataAction, MDataPermissionSet};
[INFO] [stdout]    |               ^^^^^^^^^^^  ^^^^^^^^^^^^^^^^^^ no `MDataPermissionSet` in the root
[INFO] [stdout]    |               |
[INFO] [stdout]    |               no `MDataAction` in the root
[INFO] [stdout]    |
[INFO] [stdout] help: a similar name exists in the module
[INFO] [stdout]    |
[INFO] [stdout] 25 | use safe_nd::{MapAction, MDataPermissionSet};
[INFO] [stdout]    |               ^^^^^^^^^
[INFO] [stdout] help: a similar name exists in the module
[INFO] [stdout]    |
[INFO] [stdout] 25 | use safe_nd::{MDataAction, MapPermissionSet};
[INFO] [stdout]    |                            ^^^^^^^^^^^^^^^^
[INFO] [stdout] 
[INFO] [stdout] 
[INFO] [stdout] error[E0432]: unresolved import `safe_nd::MDataSeqEntryActions`
[INFO] [stdout]   --> /opt/rustwide/cargo-home/registry/src/github.com-1ecc6299db9ec823/safe_core-0.43.0/src/nfs/file_helper.rs:16:34
[INFO] [stdout]    |
[INFO] [stdout] 16 | use safe_nd::{Error as SndError, MDataSeqEntryActions};
[INFO] [stdout]    |                                  ^^^^^^^^^^^^^^^^^^^^
[INFO] [stdout]    |                                  |
[INFO] [stdout]    |                                  no `MDataSeqEntryActions` in the root
[INFO] [stdout]    |                                  help: a similar name exists in the module: `MapSeqEntryActions`
[INFO] [stdout] 
[INFO] [stdout] 
[INFO] [stdout] error[E0432]: unresolved import `safe_nd::IDataAddress`
[INFO] [stdout]   --> /opt/rustwide/cargo-home/registry/src/github.com-1ecc6299db9ec823/safe_core-0.43.0/src/nfs/data_map.rs:16:5
[INFO] [stdout]    |
[INFO] [stdout] 16 | use safe_nd::IDataAddress;
[INFO] [stdout]    |     ^^^^^^^^^------------
[INFO] [stdout]    |     |        |
[INFO] [stdout]    |     |        help: a similar name exists in the module: `MapAddress`
[INFO] [stdout]    |     no `IDataAddress` in the root
[INFO] [stdout] 
[INFO] [stdout] 
[INFO] [stdout] error[E0432]: unresolved imports `safe_nd::MDataPermissionSet`, `safe_nd::MDataSeqEntries`, `safe_nd::SeqMutableData`
[INFO] [stdout]   --> /opt/rustwide/cargo-home/registry/src/github.com-1ecc6299db9ec823/safe_core-0.43.0/src/nfs/dir.rs:13:34
[INFO] [stdout]    |
[INFO] [stdout] 13 | use safe_nd::{Error as SndError, MDataPermissionSet, MDataSeqEntries, PublicKey, SeqMutableData};
[INFO] [stdout]    |                                  ^^^^^^^^^^^^^^^^^^  ^^^^^^^^^^^^^^^             ^^^^^^^^^^^^^^ no `SeqMutableData` in the root
[INFO] [stdout]    |                                  |                   |
[INFO] [stdout]    |                                  |                   no `MDataSeqEntries` in the root
[INFO] [stdout]    |                                  no `MDataPermissionSet` in the root
[INFO] [stdout]    |
[INFO] [stdout] help: a similar name exists in the module
[INFO] [stdout]    |
[INFO] [stdout] 13 | use safe_nd::{Error as SndError, MapPermissionSet, MDataSeqEntries, PublicKey, SeqMutableData};
[INFO] [stdout]    |                                  ^^^^^^^^^^^^^^^^
[INFO] [stdout] help: a similar name exists in the module
[INFO] [stdout]    |
[INFO] [stdout] 13 | use safe_nd::{Error as SndError, MDataPermissionSet, MapSeqEntries, PublicKey, SeqMutableData};
[INFO] [stdout]    |                                                      ^^^^^^^^^^^^^
[INFO] [stdout] 
[INFO] [stdout] 
[INFO] [stdout] error[E0432]: unresolved imports `safe_nd::IDataAddress`, `safe_nd::IDataKind`
[INFO] [stdout]   --> /opt/rustwide/cargo-home/registry/src/github.com-1ecc6299db9ec823/safe_core-0.43.0/src/nfs/file.rs:13:15
[INFO] [stdout]    |
[INFO] [stdout] 13 | use safe_nd::{IDataAddress, IDataKind};
[INFO] [stdout]    |               ^^^^^^^^^^^^  ^^^^^^^^^ no `IDataKind` in the root
[INFO] [stdout]    |               |
[INFO] [stdout]    |               no `IDataAddress` in the root
[INFO] [stdout]    |               help: a similar name exists in the module: `MapAddress`
[INFO] [stdout] 
[INFO] [stdout] 
[INFO] [stdout] error[E0432]: unresolved imports `safe_nd::IData`, `safe_nd::IDataAddress`, `safe_nd::PubImmutableData`, `safe_nd::UnpubImmutableData`
[INFO] [stdout]   --> /opt/rustwide/cargo-home/registry/src/github.com-1ecc6299db9ec823/safe_core-0.43.0/src/self_encryption_storage.rs:12:15
[INFO] [stdout]    |
[INFO] [stdout] 12 | use safe_nd::{IData, IDataAddress, PubImmutableData, UnpubImmutableData};
[INFO] [stdout]    |               ^^^^^  ^^^^^^^^^^^^  ^^^^^^^^^^^^^^^^  ^^^^^^^^^^^^^^^^^^ no `UnpubImmutableData` in the root
[INFO] [stdout]    |               |      |             |
[INFO] [stdout]    |               |      |             no `PubImmutableData` in the root
[INFO] [stdout]    |               |      no `IDataAddress` in the root
[INFO] [stdout]    |               no `IData` in the root
[INFO] [stdout]    |
[INFO] [stdout] help: a similar name exists in the module
[INFO] [stdout]    |
[INFO] [stdout] 12 | use safe_nd::{Data, IDataAddress, PubImmutableData, UnpubImmutableData};
[INFO] [stdout]    |               ^^^^
[INFO] [stdout] help: a similar name exists in the module
[INFO] [stdout]    |
[INFO] [stdout] 12 | use safe_nd::{IData, MapAddress, PubImmutableData, UnpubImmutableData};
[INFO] [stdout]    |                      ^^^^^^^^^^
[INFO] [stdout] 
[INFO] [stdout] 
[INFO] [stdout] error[E0432]: unresolved imports `safe_nd::Request`, `safe_nd::RequestType`, `safe_nd::Response`
[INFO] [stdout]   --> /opt/rustwide/cargo-home/registry/src/github.com-1ecc6299db9ec823/safe_core-0.43.0/src/connection_manager/connection_group.rs:25:86
[INFO] [stdout]    |
[INFO] [stdout] 25 |     HandshakeRequest, HandshakeResponse, Message, MessageId, NodePublicId, PublicId, Request,
[INFO] [stdout]    |                                                                                      ^^^^^^^ no `Request` in the root
[INFO] [stdout] 26 |     RequestType, Response,
[INFO] [stdout]    |     ^^^^^^^^^^^  ^^^^^^^^ no `Response` in the root
[INFO] [stdout]    |     |
[INFO] [stdout]    |     no `RequestType` in the root
[INFO] [stdout] 
[INFO] [stdout] 
[INFO] [stdout] error[E0432]: unresolved import `safe_nd::Response`
[INFO] [stdout]   --> /opt/rustwide/cargo-home/registry/src/github.com-1ecc6299db9ec823/safe_core-0.43.0/src/connection_manager/response_manager.rs:11:26
[INFO] [stdout]    |
[INFO] [stdout] 11 | use safe_nd::{MessageId, Response};
[INFO] [stdout]    |                          ^^^^^^^^ no `Response` in the root
[INFO] [stdout] 
[INFO] [stdout] 
[INFO] [stdout] error[E0432]: unresolved import `safe_nd::Response`
[INFO] [stdout]   --> /opt/rustwide/cargo-home/registry/src/github.com-1ecc6299db9ec823/safe_core-0.43.0/src/connection_manager/mod.rs:18:34
[INFO] [stdout]    |
[INFO] [stdout] 18 | use safe_nd::{Message, PublicId, Response};
[INFO] [stdout]    |                                  ^^^^^^^^ no `Response` in the root
[INFO] [stdout] 
[INFO] [stdout] 
[INFO] [stdout] error[E0599]: no variant named `Request` found for enum `safe_nd::Message`
[INFO] [stdout]     --> /opt/rustwide/cargo-home/registry/src/github.com-1ecc6299db9ec823/safe_core-0.43.0/src/client/mod.rs:1560:19
[INFO] [stdout]      |
[INFO] [stdout] 1560 |         &Message::Request {
[INFO] [stdout]      |                   ^^^^^^^ variant not found in `safe_nd::Message`
[INFO] [stdout] 
[INFO] [stdout] 
[INFO] [stdout] error[E0599]: no variant named `Request` found for enum `safe_nd::Message`
[INFO] [stdout]    --> /opt/rustwide/cargo-home/registry/src/github.com-1ecc6299db9ec823/safe_core-0.43.0/src/client/mod.rs:184:21
[INFO] [stdout]     |
[INFO] [stdout] 184 |         Ok(Message::Request {
[INFO] [stdout]     |                     ^^^^^^^ variant not found in `safe_nd::Message`
[INFO] [stdout] 
[INFO] [stdout] 
[INFO] [stdout] error[E0282]: type annotations needed
[INFO] [stdout]   --> /opt/rustwide/cargo-home/registry/src/github.com-1ecc6299db9ec823/safe_core-0.43.0/src/immutable_data.rs:41:5
[INFO] [stdout]    |
[INFO] [stdout] 41 |     write_with_self_encryptor(se_storage, client, value, published, encryption_key).await
[INFO] [stdout]    |     ^^^^^^^^^^^^^^^^^^^^^^^^^^^^^^^^^^^^^^^^^^^^^^^^^^^^^^^^^^^^^^^^^^^^^^^^^^^^^^^^^^^^^ cannot infer type
[INFO] [stdout] 
[INFO] [stdout] 
[INFO] [stdout] error[E0282]: type annotations needed
[INFO] [stdout]   --> /opt/rustwide/cargo-home/registry/src/github.com-1ecc6299db9ec823/safe_core-0.43.0/src/immutable_data.rs:55:5
[INFO] [stdout]    |
[INFO] [stdout] 55 |     write_with_self_encryptor(se_storage, client, value, published, encryption_key).await
[INFO] [stdout]    |     ^^^^^^^^^^^^^^^^^^^^^^^^^^^^^^^^^^^^^^^^^^^^^^^^^^^^^^^^^^^^^^^^^^^^^^^^^^^^^^^^^^^^^ cannot infer type
[INFO] [stdout] 
[INFO] [stdout] 
[INFO] [stdout] error[E0282]: type annotations needed
[INFO] [stdout]    --> /opt/rustwide/cargo-home/registry/src/github.com-1ecc6299db9ec823/safe_core-0.43.0/src/immutable_data.rs:134:5
[INFO] [stdout]     |
[INFO] [stdout] 134 |     pack(se_storage, client, value, published).await
[INFO] [stdout]     |     ^^^^^^^^^^^^^^^^^^^^^^^^^^^^^^^^^^^^^^^^^^^^^^^^ cannot infer type
[INFO] [stdout] 
[INFO] [stdout] 
[INFO] [stdout] error[E0698]: type inside `async fn` body must be known in this context
[INFO] [stdout]   --> /opt/rustwide/cargo-home/registry/src/github.com-1ecc6299db9ec823/safe_core-0.43.0/src/nfs/file_helper.rs:50:57
[INFO] [stdout]    |
[INFO] [stdout] 50 |             MDataSeqEntryActions::new().ins(key, value, 0),
[INFO] [stdout]    |                                                         ^ cannot infer type for type `{integer}`
[INFO] [stdout]    |
[INFO] [stdout] note: the type is part of the `async fn` body because of this `await`
[INFO] [stdout]   --> /opt/rustwide/cargo-home/registry/src/github.com-1ecc6299db9ec823/safe_core-0.43.0/src/nfs/file_helper.rs:46:5
[INFO] [stdout]    |
[INFO] [stdout] 46 | /     client
[INFO] [stdout] 47 | |         .mutate_seq_mdata_entries(
[INFO] [stdout] 48 | |             parent.name(),
[INFO] [stdout] 49 | |             parent.type_tag(),
[INFO] [stdout] 50 | |             MDataSeqEntryActions::new().ins(key, value, 0),
[INFO] [stdout] 51 | |         )
[INFO] [stdout] 52 | |         .await
[INFO] [stdout]    | |______________^
[INFO] [stdout] 
[INFO] [stdout] 
[INFO] [stdout] error[E0282]: type annotations needed
[INFO] [stdout]   --> /opt/rustwide/cargo-home/registry/src/github.com-1ecc6299db9ec823/safe_core-0.43.0/src/nfs/data_map.rs:47:17
[INFO] [stdout]    |
[INFO] [stdout] 45 |     let data = immutable_data::create(&client, &encoded, published, encryption_key).await?;
[INFO] [stdout]    |         ---- consider giving `data` a type
[INFO] [stdout] 46 | 
[INFO] [stdout] 47 |     let name = *data.name();
[INFO] [stdout]    |                 ^^^^ cannot infer type
[INFO] [stdout]    |
[INFO] [stdout]    = note: type must be known at this point
[INFO] [stdout] 
[INFO] [stdout] 
[INFO] [stdout] error[E0282]: type annotations needed
[INFO] [stdout]   --> /opt/rustwide/cargo-home/registry/src/github.com-1ecc6299db9ec823/safe_core-0.43.0/src/connection_manager/mod.rs:57:9
[INFO] [stdout]    |
[INFO] [stdout] 57 |         self.inner.lock().await.send(pub_id, msg).await
[INFO] [stdout]    |         ^^^^^^^^^^^^^^^^^^^^^^^^^^^^^^^^^^^^^^^^^^^^^^^ cannot infer type
[INFO] [stdout] 
[INFO] [stdout] 
[INFO] [stdout] error[E0599]: no variant named `Request` found for enum `safe_nd::Message`
[INFO] [stdout]    --> /opt/rustwide/cargo-home/registry/src/github.com-1ecc6299db9ec823/safe_core-0.43.0/src/connection_manager/mod.rs:113:38
[INFO] [stdout]     |
[INFO] [stdout] 113 |         let msg_id = if let Message::Request { message_id, .. } = msg {
[INFO] [stdout]     |                                      ^^^^^^^ variant not found in `safe_nd::Message`
[INFO] [stdout] 
[INFO] [stdout] 
[INFO] [stdout] error[E0282]: type annotations needed
[INFO] [stdout]    --> /opt/rustwide/cargo-home/registry/src/github.com-1ecc6299db9ec823/safe_core-0.43.0/src/connection_manager/connection_group.rs:110:29
[INFO] [stdout]     |
[INFO] [stdout] 110 |             Ok(response) => response.map_err(|err| CoreError::from(format!("{}", err))),
[INFO] [stdout]     |                             ^^^^^^^^ cannot infer type
[INFO] [stdout]     |
[INFO] [stdout]     = note: type must be known at this point
[INFO] [stdout] 
[INFO] [stdout] 
[INFO] [stdout] error[E0282]: type annotations needed
[INFO] [stdout]    --> /opt/rustwide/cargo-home/registry/src/github.com-1ecc6299db9ec823/safe_core-0.43.0/src/connection_manager/connection_group.rs:447:23
[INFO] [stdout]     |
[INFO] [stdout] 447 |             _state => Err(CoreError::OperationForbidden),
[INFO] [stdout]     |                       ^^^ cannot infer type for type parameter `T` declared on the enum `Result`
[INFO] [stdout] 
[INFO] [stdout] 
[INFO] [stdout] error[E0282]: type annotations needed
[INFO] [stdout]    --> /opt/rustwide/cargo-home/registry/src/github.com-1ecc6299db9ec823/safe_core-0.43.0/src/connection_manager/connection_group.rs:512:9
[INFO] [stdout]     |
[INFO] [stdout] 512 |         self.state.send(&mut self.quic_p2p, msg_id, msg).await
[INFO] [stdout]     |         ^^^^^^^^^^^^^^^^^^^^^^^^^^^^^^^^^^^^^^^^^^^^^^^^^^^^^^ cannot infer type
[INFO] [stdout] 
[INFO] [stdout] 
[INFO] [stdout] error: future cannot be sent between threads safely
[INFO] [stdout]    --> /opt/rustwide/cargo-home/registry/src/github.com-1ecc6299db9ec823/safe_core-0.43.0/src/client/mod.rs:192:53
[INFO] [stdout]     |
[INFO] [stdout] 192 |       async fn set_timeout(&self, duration: Duration) {
[INFO] [stdout]     |  _____________________________________________________^
[INFO] [stdout] 193 | |         let inner = self.inner();
[INFO] [stdout] 194 | |         inner.lock().await.timeout = duration;
[INFO] [stdout] 195 | |     }
[INFO] [stdout]     | |_____^ future returned by `__set_timeout` is not `Send`
[INFO] [stdout]     |
[INFO] [stdout]     = help: within `client::Inner`, the trait `std::marker::Send` is not implemented for `NonNull<u8>`
[INFO] [stdout] note: future is not `Send` as it awaits another future which is not `Send`
[INFO] [stdout]    --> /opt/rustwide/cargo-home/registry/src/github.com-1ecc6299db9ec823/safe_core-0.43.0/src/client/mod.rs:194:9
[INFO] [stdout]     |
[INFO] [stdout] 194 |         inner.lock().await.timeout = duration;
[INFO] [stdout]     |         ^^^^^^^^^^^^ await occurs here on type `MutexLockFuture<'_, client::Inner>`, which is not `Send`
[INFO] [stdout]     = note: required for the cast to the object type `dyn futures::Future<Output = ()> + std::marker::Send`
[INFO] [stdout] 
[INFO] [stdout] 
[INFO] [stdout] error: future cannot be sent between threads safely
[INFO] [stdout]    --> /opt/rustwide/cargo-home/registry/src/github.com-1ecc6299db9ec823/safe_core-0.43.0/src/client/mod.rs:198:62
[INFO] [stdout]     |
[INFO] [stdout] 198 |       async fn restart_network(&self) -> Result<(), CoreError> {
[INFO] [stdout]     |  ______________________________________________________________^
[INFO] [stdout] 199 | |         trace!("Restarting the network connection");
[INFO] [stdout] 200 | |
[INFO] [stdout] 201 | |         let inner = self.inner();
[INFO] [stdout] ...   |
[INFO] [stdout] 211 | |         Ok(())
[INFO] [stdout] 212 | |     }
[INFO] [stdout]     | |_____^ future returned by `__restart_network` is not `Send`
[INFO] [stdout]     |
[INFO] [stdout]     = help: within `client::Inner`, the trait `std::marker::Send` is not implemented for `NonNull<u8>`
[INFO] [stdout] note: future is not `Send` as it awaits another future which is not `Send`
[INFO] [stdout]    --> /opt/rustwide/cargo-home/registry/src/github.com-1ecc6299db9ec823/safe_core-0.43.0/src/client/mod.rs:202:25
[INFO] [stdout]     |
[INFO] [stdout] 202 |         let mut inner = inner.lock().await;
[INFO] [stdout]     |                         ^^^^^^^^^^^^ await occurs here on type `MutexLockFuture<'_, client::Inner>`, which is not `Send`
[INFO] [stdout]     = note: required for the cast to the object type `dyn futures::Future<Output = std::result::Result<(), CoreError>> + std::marker::Send`
[INFO] [stdout] 
[INFO] [stdout] 
[INFO] [stdout] error[E0599]: no variant named `Request` found for enum `safe_nd::Message`
[INFO] [stdout]     --> /opt/rustwide/cargo-home/registry/src/github.com-1ecc6299db9ec823/safe_core-0.43.0/src/client/mod.rs:1502:14
[INFO] [stdout]      |
[INFO] [stdout] 1502 |     Message::Request {
[INFO] [stdout]      |              ^^^^^^^ variant not found in `safe_nd::Message`
[INFO] [stdout] 
[INFO] [stdout] 
[INFO] [stdout] error[E0282]: type annotations needed
[INFO] [stdout]     --> /opt/rustwide/cargo-home/registry/src/github.com-1ecc6299db9ec823/safe_core-0.43.0/src/client/mod.rs:1532:26
[INFO] [stdout]      |
[INFO] [stdout] 1532 |             idata_cache: LruCache::new(IMMUT_DATA_CACHE_SIZE),
[INFO] [stdout]      |                          ^^^^^^^^^^^^^ cannot infer type for type parameter `K`
[INFO] [stdout] 
[INFO] [stdout] 
[INFO] [stdout] error[E0599]: no variant or associated item named `App` found for enum `PublicId` in the current scope
[INFO] [stdout]   --> /opt/rustwide/cargo-home/registry/src/github.com-1ecc6299db9ec823/safe_core-0.43.0/src/client/id.rs:43:49
[INFO] [stdout]    |
[INFO] [stdout] 43 |             Self::App(app_full_id) => PublicId::App(app_full_id.public_id().clone()),
[INFO] [stdout]    |                                                 ^^^ variant or associated item not found in `PublicId`
[INFO] [stdout] 
[INFO] [stdout] 
[INFO] [stdout] error[E0609]: no field `transfer_coins` on type `AppPermissions`
[INFO] [stdout]   --> /opt/rustwide/cargo-home/registry/src/github.com-1ecc6299db9ec823/safe_core-0.43.0/src/ipc/req/auth.rs:46:60
[INFO] [stdout]    |
[INFO] [stdout] 46 |             app_permission_transfer_coins: app_permissions.transfer_coins,
[INFO] [stdout]    |                                                            ^^^^^^^^^^^^^^ help: a field with a similar name exists: `transfer_money`
[INFO] [stdout] 
[INFO] [stdout] 
[INFO] [stdout] error[E0609]: no field `perform_mutations` on type `AppPermissions`
[INFO] [stdout]   --> /opt/rustwide/cargo-home/registry/src/github.com-1ecc6299db9ec823/safe_core-0.43.0/src/ipc/req/auth.rs:47:63
[INFO] [stdout]    |
[INFO] [stdout] 47 |             app_permission_perform_mutations: app_permissions.perform_mutations,
[INFO] [stdout]    |                                                               ^^^^^^^^^^^^^^^^^ unknown field
[INFO] [stdout]    |
[INFO] [stdout]    = note: available fields are: `data_mutations`, `transfer_money`, `read_balance`, `read_transfer_history`
[INFO] [stdout] 
[INFO] [stdout] 
[INFO] [stdout] error[E0609]: no field `get_balance` on type `AppPermissions`
[INFO] [stdout]   --> /opt/rustwide/cargo-home/registry/src/github.com-1ecc6299db9ec823/safe_core-0.43.0/src/ipc/req/auth.rs:48:57
[INFO] [stdout]    |
[INFO] [stdout] 48 |             app_permission_get_balance: app_permissions.get_balance,
[INFO] [stdout]    |                                                         ^^^^^^^^^^^ help: a field with a similar name exists: `read_balance`
[INFO] [stdout] 
[INFO] [stdout] 
[INFO] [stdout] error[E0560]: struct `AppPermissions` has no field named `transfer_coins`
[INFO] [stdout]   --> /opt/rustwide/cargo-home/registry/src/github.com-1ecc6299db9ec823/safe_core-0.43.0/src/ipc/req/auth.rs:67:17
[INFO] [stdout]    |
[INFO] [stdout] 67 |                 transfer_coins: (*repr_c).app_permission_transfer_coins,
[INFO] [stdout]    |                 ^^^^^^^^^^^^^^ help: a field with a similar name exists: `transfer_money`
[INFO] [stdout] 
[INFO] [stdout] 
[INFO] [stdout] error[E0560]: struct `AppPermissions` has no field named `perform_mutations`
[INFO] [stdout]   --> /opt/rustwide/cargo-home/registry/src/github.com-1ecc6299db9ec823/safe_core-0.43.0/src/ipc/req/auth.rs:68:17
[INFO] [stdout]    |
[INFO] [stdout] 68 |                 perform_mutations: (*repr_c).app_permission_perform_mutations,
[INFO] [stdout]    |                 ^^^^^^^^^^^^^^^^^ `AppPermissions` does not have this field
[INFO] [stdout]    |
[INFO] [stdout]    = note: available fields are: `data_mutations`, `transfer_money`, `read_balance`, `read_transfer_history`
[INFO] [stdout] 
[INFO] [stdout] 
[INFO] [stdout] error[E0560]: struct `AppPermissions` has no field named `get_balance`
[INFO] [stdout]   --> /opt/rustwide/cargo-home/registry/src/github.com-1ecc6299db9ec823/safe_core-0.43.0/src/ipc/req/auth.rs:69:17
[INFO] [stdout]    |
[INFO] [stdout] 69 |                 get_balance: (*repr_c).app_permission_get_balance,
[INFO] [stdout]    |                 ^^^^^^^^^^^ help: a field with a similar name exists: `read_balance`
[INFO] [stdout] 
[INFO] [stdout] 
[INFO] [stdout] error[E0308]: mismatched types
[INFO] [stdout]    --> /opt/rustwide/cargo-home/registry/src/github.com-1ecc6299db9ec823/safe_core-0.43.0/src/connection_manager/connection_group.rs:138:53
[INFO] [stdout]     |
[INFO] [stdout] 138 |         let handshake = HandshakeRequest::Bootstrap(self.full_id.public_id());
[INFO] [stdout]     |                                                     ^^^^^^^^^^^^^^^^^^^^^^^^ expected enum `safe_nd::PublicKey`, found enum `PublicId`
[INFO] [stdout] 
[INFO] [stdout] 
[INFO] [stdout] error[E0308]: mismatched types
[INFO] [stdout]    --> /opt/rustwide/cargo-home/registry/src/github.com-1ecc6299db9ec823/safe_core-0.43.0/src/connection_manager/connection_group.rs:248:52
[INFO] [stdout]     |
[INFO] [stdout] 248 |             let handshake = HandshakeRequest::Join(self.full_id.public_id());
[INFO] [stdout]     |                                                    ^^^^^^^^^^^^^^^^^^^^^^^^ expected enum `safe_nd::PublicKey`, found enum `PublicId`
[INFO] [stdout] 
[INFO] [stdout] 
[INFO] [stdout] error[E0308]: mismatched types
[INFO] [stdout]    --> /opt/rustwide/cargo-home/registry/src/github.com-1ecc6299db9ec823/safe_core-0.43.0/src/connection_manager/connection_group.rs:267:45
[INFO] [stdout]     |
[INFO] [stdout] 266 |         match deserialize(&msg) {
[INFO] [stdout]     |               ----------------- this expression has type `std::result::Result<HandshakeResponse, Box<bincode::ErrorKind>>`
[INFO] [stdout] 267 |             Ok(HandshakeResponse::Challenge(PublicId::Node(node_public_id), challenge)) => {
[INFO] [stdout]     |                                             ^^^^^^^^^^^^^^^^^^^^^^^^^^^^^^ expected enum `safe_nd::PublicKey`, found enum `PublicId`
[INFO] [stdout] 
[INFO] [stdout] 
[INFO] [stdout] error[E0599]: no variant named `Response` found for enum `safe_nd::Message`
[INFO] [stdout]    --> /opt/rustwide/cargo-home/registry/src/github.com-1ecc6299db9ec823/safe_core-0.43.0/src/connection_manager/connection_group.rs:353:25
[INFO] [stdout]     |
[INFO] [stdout] 353 |             Ok(Message::Response {
[INFO] [stdout]     |                         ^^^^^^^^ variant not found in `safe_nd::Message`
[INFO] [stdout] 
[INFO] [stdout] 
[INFO] [stdout] error[E0599]: no variant named `Notification` found for enum `safe_nd::Message`
[INFO] [stdout]    --> /opt/rustwide/cargo-home/registry/src/github.com-1ecc6299db9ec823/safe_core-0.43.0/src/connection_manager/connection_group.rs:365:25
[INFO] [stdout]     |
[INFO] [stdout] 365 |             Ok(Message::Notification { notification }) => {
[INFO] [stdout]     |                         ^^^^^^^^^^^^ variant not found in `safe_nd::Message`
[INFO] [stdout] 
[INFO] [stdout] 
[INFO] [stdout] error[E0599]: no variant named `Request` found for enum `safe_nd::Message`
[INFO] [stdout]    --> /opt/rustwide/cargo-home/registry/src/github.com-1ecc6299db9ec823/safe_core-0.43.0/src/connection_manager/connection_group.rs:380:21
[INFO] [stdout]     |
[INFO] [stdout] 380 |     if let Message::Request { request, .. } = msg {
[INFO] [stdout]     |                     ^^^^^^^ variant not found in `safe_nd::Message`
[INFO] [stdout] 
[INFO] [stdout] 
[INFO] [stdout] error[E0599]: no variant named `Request` found for enum `safe_nd::Message`
[INFO] [stdout]    --> /opt/rustwide/cargo-home/registry/src/github.com-1ecc6299db9ec823/safe_core-0.43.0/src/connection_manager/connection_group.rs:581:25
[INFO] [stdout]     |
[INFO] [stdout] 581 |             Ok(Message::Request {
[INFO] [stdout]     |                         ^^^^^^^ variant not found in `safe_nd::Message`
[INFO] [stdout] 
[INFO] [stdout] 
[INFO] [stdout] error[E0277]: `NonNull<u8>` cannot be sent between threads safely
[INFO] [stdout]    --> /opt/rustwide/cargo-home/registry/src/github.com-1ecc6299db9ec823/safe_core-0.43.0/src/connection_manager/connection_group.rs:621:13
[INFO] [stdout]     |
[INFO] [stdout] 621 |     let _ = tokio::task::spawn_blocking(move || {
[INFO] [stdout]     |             ^^^^^^^^^^^^^^^^^^^^^^^^^^^ `NonNull<u8>` cannot be sent between threads safely
[INFO] [stdout]     | 
[INFO] [stdout]    ::: /opt/rustwide/cargo-home/registry/src/github.com-1ecc6299db9ec823/tokio-0.2.22/src/task/blocking.rs:114:28
[INFO] [stdout]     |
[INFO] [stdout] 114 |         F: FnOnce() -> R + Send + 'static,
[INFO] [stdout]     |                            ---- required by this bound in `spawn_blocking`
[INFO] [stdout]     |
[INFO] [stdout]     = help: within `connection_group::Inner`, the trait `std::marker::Send` is not implemented for `NonNull<u8>`
[INFO] [stdout]     = note: required because it appears within the type `hashbrown::raw::RawTable<(MessageId, (futures::channel::oneshot::Sender<[type error]>, HashMap<[type error], usize>, usize))>`
[INFO] [stdout]     = note: required because it appears within the type `hashbrown::map::HashMap<MessageId, (futures::channel::oneshot::Sender<[type error]>, HashMap<[type error], usize>, usize), RandomState>`
[INFO] [stdout]     = note: required because it appears within the type `HashMap<MessageId, (futures::channel::oneshot::Sender<[type error]>, HashMap<[type error], usize>, usize)>`
[INFO] [stdout]     = note: required because it appears within the type `ResponseManager`
[INFO] [stdout]     = note: required because it appears within the type `Connected`
[INFO] [stdout]     = note: required because it appears within the type `connection_group::State`
[INFO] [stdout]     = note: required because it appears within the type `connection_group::Inner`
[INFO] [stdout]     = note: required because of the requirements on the impl of `std::marker::Send` for `futures::lock::Mutex<connection_group::Inner>`
[INFO] [stdout]     = note: required because of the requirements on the impl of `std::marker::Send` for `std::sync::Weak<futures::lock::Mutex<connection_group::Inner>>`
[INFO] [stdout]     = note: required because it appears within the type `[closure@/opt/rustwide/cargo-home/registry/src/github.com-1ecc6299db9ec823/safe_core-0.43.0/src/connection_manager/connection_group.rs:621:41: 641:6 event_rx:crossbeam_channel::Receiver<quic_p2p::Event>, inner_weak:std::sync::Weak<futures::lock::Mutex<connection_group::Inner>>]`
[INFO] [stdout] 
[INFO] [stdout] 
[INFO] [stdout] error[E0283]: type annotations needed
[INFO] [stdout]   --> /opt/rustwide/cargo-home/registry/src/github.com-1ecc6299db9ec823/safe_core-0.43.0/src/connection_manager/response_manager.rs:29:23
[INFO] [stdout]    |
[INFO] [stdout] 29 |             requests: Default::default(),
[INFO] [stdout]    |                       ^^^^^^^^^^^^^^^^ cannot infer type
[INFO] [stdout]    |
[INFO] [stdout]    = note: cannot satisfy `_: Default`
[INFO] [stdout]    = note: required by `std::default::Default::default`
[INFO] [stdout] 
[INFO] [stdout] 
[INFO] [stdout] error[E0599]: no variant or associated item named `InvalidPermissionsSuccessor` found for enum `safe_nd::Error` in the current scope
[INFO] [stdout]    --> /opt/rustwide/cargo-home/registry/src/github.com-1ecc6299db9ec823/safe_core-0.43.0/src/errors.rs:206:23
[INFO] [stdout]     |
[INFO] [stdout] 206 |             SndError::InvalidPermissionsSuccessor(_) => ERR_INVALID_PERMISSIONS_SUCCESSOR,
[INFO] [stdout]     |                       ^^^^^^^^^^^^^^^^^^^^^^^^^^^ variant or associated item not found in `safe_nd::Error`
[INFO] [stdout] 
[INFO] [stdout] 
[INFO] [stdout] error[E0599]: no variant or associated item named `TransactionIdExists` found for enum `safe_nd::Error` in the current scope
[INFO] [stdout]    --> /opt/rustwide/cargo-home/registry/src/github.com-1ecc6299db9ec823/safe_core-0.43.0/src/errors.rs:214:23
[INFO] [stdout]     |
[INFO] [stdout] 214 |             SndError::TransactionIdExists => ERR_TRANSACTION_ID_EXISTS,
[INFO] [stdout]     |                       ^^^^^^^^^^^^^^^^^^^
[INFO] [stdout]     |                       |
[INFO] [stdout]     |                       variant or associated item not found in `safe_nd::Error`
[INFO] [stdout]     |                       help: there is a variant with a similar name: `TransferIdExists`
[INFO] [stdout] 
[INFO] [stdout] 
[INFO] [stdout] error[E0599]: no variant or associated item named `InvalidPermissionsSuccessor` found for enum `safe_nd::Error` in the current scope
[INFO] [stdout]    --> /opt/rustwide/cargo-home/registry/src/github.com-1ecc6299db9ec823/safe_core-0.43.0/src/errors.rs:249:19
[INFO] [stdout]     |
[INFO] [stdout] 249 |         SndError::InvalidPermissionsSuccessor(_) => ERR_INVALID_PERMISSIONS_SUCCESSOR,
[INFO] [stdout]     |                   ^^^^^^^^^^^^^^^^^^^^^^^^^^^ variant or associated item not found in `safe_nd::Error`
[INFO] [stdout] 
[INFO] [stdout] 
[INFO] [stdout] error[E0599]: no variant or associated item named `TransactionIdExists` found for enum `safe_nd::Error` in the current scope
[INFO] [stdout]    --> /opt/rustwide/cargo-home/registry/src/github.com-1ecc6299db9ec823/safe_core-0.43.0/src/errors.rs:257:19
[INFO] [stdout]     |
[INFO] [stdout] 257 |         SndError::TransactionIdExists => ERR_TRANSACTION_ID_EXISTS,
[INFO] [stdout]     |                   ^^^^^^^^^^^^^^^^^^^
[INFO] [stdout]     |                   |
[INFO] [stdout]     |                   variant or associated item not found in `safe_nd::Error`
[INFO] [stdout]     |                   help: there is a variant with a similar name: `TransferIdExists`
[INFO] [stdout] 
[INFO] [stdout] 
[INFO] [stdout] error: aborting due to 55 previous errors
[INFO] [stdout] 
[INFO] [stdout] 
[INFO] [stdout] Some errors have detailed explanations: E0277, E0282, E0283, E0308, E0432, E0560, E0599, E0609, E0698.
[INFO] [stdout] 
[INFO] [stdout] For more information about an error, try `rustc --explain E0277`.
[INFO] [stdout] 
[INFO] [stderr] error: could not compile `safe_core`.
[INFO] [stderr] 
[INFO] [stderr] To learn more, run the command again with --verbose.
[INFO] running `Command { std: "docker" "inspect" "249b3cfa6981a11a8f03093042944196e3c3943343d75bcf13e2baa7360a4633", kill_on_drop: false }`
[INFO] running `Command { std: "docker" "rm" "-f" "249b3cfa6981a11a8f03093042944196e3c3943343d75bcf13e2baa7360a4633", kill_on_drop: false }`
[INFO] [stdout] 249b3cfa6981a11a8f03093042944196e3c3943343d75bcf13e2baa7360a4633
